{"id":1206,"date":"2023-06-13T13:42:48","date_gmt":"2023-06-13T11:42:48","guid":{"rendered":"http:\/\/www.jardins-imaginaire.com\/?page_id=1206"},"modified":"2023-07-25T22:48:24","modified_gmt":"2023-07-25T20:48:24","slug":"programme","status":"publish","type":"page","link":"https:\/\/www.jardins-imaginaire.com\/en\/programme\/","title":{"rendered":"Programme :"},"content":{"rendered":"<h2><strong>Samedi 15 juillet\u00a0: RIVO et ADIXIA<span class=\"Apple-converted-space\">\u00a0<\/span><\/strong><\/h2>\n<h3>Ouverture des portes : 19h30<br \/>\nConcert de 21h00 \u00e0 23h45<br \/>\nPassage par la billetterie des Jardins de l&#8217;Imaginaire obligatoire (remise bracelet pour la soir\u00e9e)<\/h3>\n<h2>RIVO<\/h2>\n<p><img loading=\"lazy\" decoding=\"async\" class=\"alignleft wp-image-1220 size-medium\" src=\"http:\/\/www.jardins-imaginaire.com\/wp-content\/uploads\/2023\/06\/Rivo-200x300.jpg\" alt=\"\" width=\"200\" height=\"300\" srcset=\"https:\/\/www.jardins-imaginaire.com\/wp-content\/uploads\/2023\/06\/Rivo-200x300.jpg 200w, https:\/\/www.jardins-imaginaire.com\/wp-content\/uploads\/2023\/06\/Rivo-683x1024.jpg 683w, https:\/\/www.jardins-imaginaire.com\/wp-content\/uploads\/2023\/06\/Rivo-768x1151.jpg 768w, https:\/\/www.jardins-imaginaire.com\/wp-content\/uploads\/2023\/06\/Rivo-1025x1536.jpg 1025w, https:\/\/www.jardins-imaginaire.com\/wp-content\/uploads\/2023\/06\/Rivo-1366x2048.jpg 1366w, https:\/\/www.jardins-imaginaire.com\/wp-content\/uploads\/2023\/06\/Rivo.jpg 1708w\" sizes=\"auto, (max-width: 200px) 100vw, 200px\" \/>Jeune artiste briviste qui est aujourd\u2019hui dans le TOP 60 des artistes les plus shazam\u00e9s en France. Il est en playlist sur Fun Radio depuis quelques semaines et joue sur les plus grandes sc\u00e8nes \u00e9lectro fran\u00e7aise, sa c\u00f4te est en train d\u2019exploser (Garorock, Electrobeach, ElectricPark, Ovalies\u2026).<br \/>\nRIVO est un DJ &amp; Producteur fran\u00e7ais de 22 ans, originaire de Brive-la Gaillarde.\u00a0Autodidacte et passionn\u00e9 de musique \u00e9lectronique, il commence \u00e0 composer ses propres\u00a0morceaux d\u00e8s l\u2019\u00e2ge de 15 ans depuis sa chambre. En 2016 et en pleine \u00e9volution, une\u00a0collaboration avec l\u2019artiste Tribe Dive donne lieu \u00e0 la cr\u00e9ation de \u00ab Someone New \u00bb, titresign\u00e9 sur le label The Bearded Man, une division d\u2019Armada Records, maison de disque\u00a0fond\u00e9e entre autres par Armin Van Buuren (\u00e9lu 5 fois meilleur DJ au monde entre 2007 et\u00a02012). Un an plus tard, RIVO sort le titre \u00ab Wanna Know You (feat. Sugar Kawar) \u00bb sur le\u00a0label Warner Music avec LoaX, un talentueux producteur su\u00e9dois.<br \/>\nEn 2019, RIVO \u00e9dite \u00ab Good Life \u00bb sur le label One Seven Music \/ Discowax, une division\u00a0de Sony Danemark. Le titre est alors \u00e9cout\u00e9 des millions de fois sur Spotify, et donne\u00a0naissance \u00e0 un premier clip publi\u00e9 r\u00e9alis\u00e9 par Lucas Bosc. Malgr\u00e9 son jeune \u00e2ge, RIVO a\u00a0d\u00e9j\u00e0 eu l\u2019opportunit\u00e9 de pouvoir se produire sur des festivals fran\u00e7ais reconnus tels que\u00a0l\u2019Elektric Festival, le E-Wax Festival ou encore le Brive Festival. Dans le m\u00eame temps, il\u00a0effectue sa premi\u00e8re tourn\u00e9e internationale en Asie en Octobre 2019.\u00a0En 2020, RIVO sort un remix du titre \u00ab Lucky Together \u00bb pour le producteur fran\u00e7ais\u00a0Stone Van Brooken, sur le label Warner France. Puis dans la continuit\u00e9 de ce projet et\u00a0malgr\u00e9 la crise sanitaire, RIVO \u00e9dite un nouveau morceau estival intitul\u00e9 \u00ab Let It Go \u00bb\u00a0sur le label su\u00e9dois LoudKult, afin de partager un peu de bonheur et d\u2019ondes positives \u00e0\u00a0ses fans. En octobre 2020, il publie un remix officiel de \u00ab Born Alone Die Alone \u00bb, un\u00a0single de l\u2019artiste am\u00e9ricaine Madalen Duke, et musique du c\u00e9l\u00e8bre film Netflix \u00ab The\u00a0Old Guard \u00bb avec Charlize Theron.<br \/>\nL&#8217;ann\u00e9e 2022 est signe de renouveau pour Rivo puisqu&#8217;il signe avec le label Wagram\u00a0Music International. Le jeune artiste se produit sur le mainstage du Brive Festival et de\u00a0l\u2019Electrik Park. La m\u00eame ann\u00e9e, il sort un le single &#8216;Fall in Love&#8217; (feat. Arpad &amp; Thomas\u00a0Sykes) et atteint le charts en Turquie, le titre sera jou\u00e9 par une quarantaine de radios\u00a0internationales.<br \/>\nD\u00e9j\u00e0 adoub\u00e9 par DJ Mag et Aficia, RIVO est en phase\u00a0avec sa g\u00e9n\u00e9ration, notamment gr\u00e2ce au r\u00e9seau social Tik Tok o\u00f9 il r\u00e9unit quelques\u00a0centaines de milliers de vues sur ses vid\u00e9os et des millions d\u2019\u00e9coutes sur les plateformes\u00a0de streaming. Producteur accompli, en pleine ascendance, il annonce la sortie d&#8217;un EP au\u00a0printemps 2023 avec un single en ce d\u00e9but d&#8217;ann\u00e9e 2023, &#8216;Break You Down&#8217; feat Scarlett.<br \/>\nRivo n\u2019a pas fini de faire entendre parler de lui&#8230;<\/p>\n<h2><strong>ADIXIA<\/strong><\/h2>\n<p><img loading=\"lazy\" decoding=\"async\" class=\"alignleft size-medium wp-image-1222\" src=\"http:\/\/www.jardins-imaginaire.com\/wp-content\/uploads\/2023\/06\/STUDIO-ADIXIA-49-200x300.jpg\" alt=\"\" width=\"200\" height=\"300\" srcset=\"https:\/\/www.jardins-imaginaire.com\/wp-content\/uploads\/2023\/06\/STUDIO-ADIXIA-49-200x300.jpg 200w, https:\/\/www.jardins-imaginaire.com\/wp-content\/uploads\/2023\/06\/STUDIO-ADIXIA-49-683x1024.jpg 683w, https:\/\/www.jardins-imaginaire.com\/wp-content\/uploads\/2023\/06\/STUDIO-ADIXIA-49-768x1152.jpg 768w, https:\/\/www.jardins-imaginaire.com\/wp-content\/uploads\/2023\/06\/STUDIO-ADIXIA-49-1024x1536.jpg 1024w, https:\/\/www.jardins-imaginaire.com\/wp-content\/uploads\/2023\/06\/STUDIO-ADIXIA-49-1365x2048.jpg 1365w, https:\/\/www.jardins-imaginaire.com\/wp-content\/uploads\/2023\/06\/STUDIO-ADIXIA-49-scaled.jpg 1707w\" sizes=\"auto, (max-width: 200px) 100vw, 200px\" \/>Adixia est une DJ, productrice et chanteuse belge n\u00e9e en 1992 pr\u00e8s de Bruxelles. Elle a commenc\u00e9 sa carri\u00e8re de DJ il y a 8 ans et est devenue l&#8217;une des DJs francophones les plus reconnues de ces derni\u00e8res ann\u00e9es. Elle a fait une entr\u00e9e remarquable dans le top 100 Djane World et se classe actuellement #5 du Top France.<br \/>\nAdixia est connue pour ses sets m\u00ealant hits dansants et musiques \u00e9lectroniques, qui lui ont permis de jouer dans de nombreux clubs en France, comme la Joia \u00e0 Aix-en-Provence, la Plage \u00e0 Bordeaux ou le Marina \u00e0 Port Barcares, ainsi qu&#8217;\u00e0 l&#8217;international, notamment en Espagne, Belgique, Croatie. Elle a \u00e9galement effectu\u00e9 plusieurs passages sur Fun Radio et Radio FG.<br \/>\nAdixia est tr\u00e8s suivie sur les r\u00e9seaux sociaux. Elle utilise ces plateformes pour promouvoir ses concerts et DJ sets, ainsi que pour partager sa musique et ses coups de c\u0153ur.<\/p>\n<h2><strong>Samedi 12 ao\u00fbt : LUMBERJACK<\/strong><\/h2>\n<h3>Ouverture des portes : 20h30<br \/>\nConcert de 22h00 \u00e0 23h00<br \/>\nPassage par la billetterie des Jardins de l&#8217;Imaginaire obligatoire (remise bracelet pour la soir\u00e9e)<\/h3>\n<p><img loading=\"lazy\" decoding=\"async\" class=\"alignleft size-medium wp-image-1221\" src=\"http:\/\/www.jardins-imaginaire.com\/wp-content\/uploads\/2023\/06\/Lumberjack-copie-300x300.png\" alt=\"\" width=\"300\" height=\"300\" srcset=\"https:\/\/www.jardins-imaginaire.com\/wp-content\/uploads\/2023\/06\/Lumberjack-copie-300x300.png 300w, https:\/\/www.jardins-imaginaire.com\/wp-content\/uploads\/2023\/06\/Lumberjack-copie-1024x1024.png 1024w, https:\/\/www.jardins-imaginaire.com\/wp-content\/uploads\/2023\/06\/Lumberjack-copie-150x150.png 150w, https:\/\/www.jardins-imaginaire.com\/wp-content\/uploads\/2023\/06\/Lumberjack-copie-768x768.png 768w, https:\/\/www.jardins-imaginaire.com\/wp-content\/uploads\/2023\/06\/Lumberjack-copie-1536x1536.png 1536w, https:\/\/www.jardins-imaginaire.com\/wp-content\/uploads\/2023\/06\/Lumberjack-copie-2048x2048.png 2048w\" sizes=\"auto, (max-width: 300px) 100vw, 300px\" \/>Lumberjack est un duo fran\u00e7ais de DJ\/Producteurs, compos\u00e9 de Jim\u00a0Zerga et Chris Vall\u00e9e, originaire de Paris. En 2015, ils se font connaitre\u00a0gr\u00e2ce \u00e0 leur titre \u2018Warrior\u2019 tr\u00e8s rapidement playlist\u00e9s sur NRJ et Fun\u00a0Radio et nomm\u00e9s dans la cat\u00e9gorie meilleure r\u00e9v\u00e9lation fran\u00e7aise.<br \/>\nReconnus pour leur \u00e9nergie et ils sont r\u00e9guli\u00e8rement support\u00e9s par\u00a0David Guetta, Dimitri Vegas &amp; Like Mike, Bob Sinclar, Hardwell, Ti\u00ebsto,\u00a0Afrojack, Axwell \u039b Ingrosso et bien d\u2019autres&#8230;<br \/>\nIls commencent une tourn\u00e9e en Chine et se retrouvent \u00e0 l\u2019affiche des\u00a0plus grands clubs et festivals du monde (Pacha Ibiza, Mambo Ibiza, Noa\u00a0Croatia, Inox Festival, Electrobeach Festival ou encore Summer Sound\u00a0Festival, qu\u2019ils partagent avec les plus grands: David Guetta, Bob Sinclar,\u00a0Afrojack, Don Diablo, Martin Garrix, Martin Solveig, DJ Snake, Diplo,\u00a0Kungs et bien d\u2019autres.<br \/>\nApr\u00e8s avoir remix\u00e9 DJ Snake \u2018Magenta Riddim\u2019 support\u00e9 par Hardwell,\u00a0Ti\u00ebsto, Afrojack ou encore Axwell \u039b Ingrosso \u00e0 l\u2019UMF 2018, ils signent sur\u00a0le label de Don Diablo (Spinnin\u2019 Records) et sont rapidement contact\u00e9s\u00a0pour remixer des artistes tels que Bob Sinclar, Ofenbach et bien d\u2019autres.<br \/>\nIls marquent une nouvelle \u00e9tape avec leur signature chez Universal\u00a0Music \u2018We Rolling\u2019 qualifi\u00e9 comme la surprise du Middle-Summer des\u00a0festivals \u00e9lectro de l\u2019\u00e9t\u00e9 (cf. DJ MAG). Ce titre deviendra la bande\u00a0originale du film Sentinelle (Class\u00e9 N\u00b01 sur Netflix).<br \/>\nDerni\u00e8rement, ils reviennent avec des titres sign\u00e9s sur le label d\u2019Hardwell\u00a0(Revealed Recordings), Magnificence (EPIC247) sans oublier leur version\u00a0officielle de l\u2019incontournable \u2018Deep Fear\u2019!<\/p>\n","protected":false},"excerpt":{"rendered":"<p>Samedi 15 juillet\u00a0: RIVO et ADIXIA\u00a0 Ouverture des portes : 19h30 Concert de 21h00 \u00e0 23h45 Passage par la billetterie [&hellip;]<\/p>\n","protected":false},"author":3,"featured_media":0,"parent":0,"menu_order":0,"comment_status":"closed","ping_status":"closed","template":"","meta":{"site-sidebar-layout":"default","site-content-layout":"","ast-site-content-layout":"default","site-content-style":"default","site-sidebar-style":"default","ast-global-header-display":"","ast-banner-title-visibility":"","ast-main-header-display":"","ast-hfb-above-header-display":"","ast-hfb-below-header-display":"","ast-hfb-mobile-header-display":"","site-post-title":"","ast-breadcrumbs-content":"","ast-featured-img":"","footer-sml-layout":"","ast-disable-related-posts":"","theme-transparent-header-meta":"","adv-header-id-meta":"","stick-header-meta":"","header-above-stick-meta":"","header-main-stick-meta":"","header-below-stick-meta":"","astra-migrate-meta-layouts":"default","ast-page-background-enabled":"default","ast-page-background-meta":{"desktop":{"background-color":"var(--ast-global-color-5)","background-image":"","background-repeat":"repeat","background-position":"center center","background-size":"auto","background-attachment":"scroll","background-type":"","background-media":"","overlay-type":"","overlay-color":"","overlay-opacity":"","overlay-gradient":""},"tablet":{"background-color":"","background-image":"","background-repeat":"repeat","background-position":"center center","background-size":"auto","background-attachment":"scroll","background-type":"","background-media":"","overlay-type":"","overlay-color":"","overlay-opacity":"","overlay-gradient":""},"mobile":{"background-color":"","background-image":"","background-repeat":"repeat","background-position":"center center","background-size":"auto","background-attachment":"scroll","background-type":"","background-media":"","overlay-type":"","overlay-color":"","overlay-opacity":"","overlay-gradient":""}},"ast-content-background-meta":{"desktop":{"background-color":"var(--ast-global-color-4)","background-image":"","background-repeat":"repeat","background-position":"center center","background-size":"auto","background-attachment":"scroll","background-type":"","background-media":"","overlay-type":"","overlay-color":"","overlay-opacity":"","overlay-gradient":""},"tablet":{"background-color":"var(--ast-global-color-4)","background-image":"","background-repeat":"repeat","background-position":"center center","background-size":"auto","background-attachment":"scroll","background-type":"","background-media":"","overlay-type":"","overlay-color":"","overlay-opacity":"","overlay-gradient":""},"mobile":{"background-color":"var(--ast-global-color-4)","background-image":"","background-repeat":"repeat","background-position":"center center","background-size":"auto","background-attachment":"scroll","background-type":"","background-media":"","overlay-type":"","overlay-color":"","overlay-opacity":"","overlay-gradient":""}},"footnotes":""},"class_list":["post-1206","page","type-page","status-publish","hentry"],"translation":{"provider":"WPGlobus","version":"3.0.2","language":"en","enabled_languages":["fr","en"],"languages":{"fr":{"title":true,"content":true,"excerpt":false},"en":{"title":false,"content":false,"excerpt":false}}},"_links":{"self":[{"href":"https:\/\/www.jardins-imaginaire.com\/en\/wp-json\/wp\/v2\/pages\/1206","targetHints":{"allow":["GET"]}}],"collection":[{"href":"https:\/\/www.jardins-imaginaire.com\/en\/wp-json\/wp\/v2\/pages"}],"about":[{"href":"https:\/\/www.jardins-imaginaire.com\/en\/wp-json\/wp\/v2\/types\/page"}],"author":[{"embeddable":true,"href":"https:\/\/www.jardins-imaginaire.com\/en\/wp-json\/wp\/v2\/users\/3"}],"replies":[{"embeddable":true,"href":"https:\/\/www.jardins-imaginaire.com\/en\/wp-json\/wp\/v2\/comments?post=1206"}],"version-history":[{"count":13,"href":"https:\/\/www.jardins-imaginaire.com\/en\/wp-json\/wp\/v2\/pages\/1206\/revisions"}],"predecessor-version":[{"id":1279,"href":"https:\/\/www.jardins-imaginaire.com\/en\/wp-json\/wp\/v2\/pages\/1206\/revisions\/1279"}],"wp:attachment":[{"href":"https:\/\/www.jardins-imaginaire.com\/en\/wp-json\/wp\/v2\/media?parent=1206"}],"curies":[{"name":"wp","href":"https:\/\/api.w.org\/{rel}","templated":true}]}}

<h2><strong>Samedi 15 juillet : RIVO et ADIXIA<span class="Apple-converted-space"> </span></strong></h2>
<h3>Ouverture des portes : 19h30<br />
Concert de 21h00 à 23h45<br />
Passage par la billetterie des Jardins de l&#8217;Imaginaire obligatoire (remise bracelet pour la soirée)</h3>
<h2>RIVO</h2>
<p><img loading="lazy" decoding="async" class="alignleft wp-image-1220 size-medium" src="http://www.jardins-imaginaire.com/wp-content/uploads/2023/06/Rivo-200x300.jpg" alt="" width="200" height="300" srcset="https://www.jardins-imaginaire.com/wp-content/uploads/2023/06/Rivo-200x300.jpg 200w, https://www.jardins-imaginaire.com/wp-content/uploads/2023/06/Rivo-683x1024.jpg 683w, https://www.jardins-imaginaire.com/wp-content/uploads/2023/06/Rivo-768x1151.jpg 768w, https://www.jardins-imaginaire.com/wp-content/uploads/2023/06/Rivo-1025x1536.jpg 1025w, https://www.jardins-imaginaire.com/wp-content/uploads/2023/06/Rivo-1366x2048.jpg 1366w, https://www.jardins-imaginaire.com/wp-content/uploads/2023/06/Rivo.jpg 1708w" sizes="auto, (max-width: 200px) 100vw, 200px" />Jeune artiste briviste qui est aujourd’hui dans le TOP 60 des artistes les plus shazamés en France. Il est en playlist sur Fun Radio depuis quelques semaines et joue sur les plus grandes scènes électro française, sa côte est en train d’exploser (Garorock, Electrobeach, ElectricPark, Ovalies…).<br />
RIVO est un DJ &amp; Producteur français de 22 ans, originaire de Brive-la Gaillarde. Autodidacte et passionné de musique électronique, il commence à composer ses propres morceaux dès l’âge de 15 ans depuis sa chambre. En 2016 et en pleine évolution, une collaboration avec l’artiste Tribe Dive donne lieu à la création de « Someone New », titresigné sur le label The Bearded Man, une division d’Armada Records, maison de disque fondée entre autres par Armin Van Buuren (élu 5 fois meilleur DJ au monde entre 2007 et 2012). Un an plus tard, RIVO sort le titre « Wanna Know You (feat. Sugar Kawar) » sur le label Warner Music avec LoaX, un talentueux producteur suédois.<br />
En 2019, RIVO édite « Good Life » sur le label One Seven Music / Discowax, une division de Sony Danemark. Le titre est alors écouté des millions de fois sur Spotify, et donne naissance à un premier clip publié réalisé par Lucas Bosc. Malgré son jeune âge, RIVO a déjà eu l’opportunité de pouvoir se produire sur des festivals français reconnus tels que l’Elektric Festival, le E-Wax Festival ou encore le Brive Festival. Dans le même temps, il effectue sa première tournée internationale en Asie en Octobre 2019. En 2020, RIVO sort un remix du titre « Lucky Together » pour le producteur français Stone Van Brooken, sur le label Warner France. Puis dans la continuité de ce projet et malgré la crise sanitaire, RIVO édite un nouveau morceau estival intitulé « Let It Go » sur le label suédois LoudKult, afin de partager un peu de bonheur et d’ondes positives à ses fans. En octobre 2020, il publie un remix officiel de « Born Alone Die Alone », un single de l’artiste américaine Madalen Duke, et musique du célèbre film Netflix « The Old Guard » avec Charlize Theron.<br />
L&#8217;année 2022 est signe de renouveau pour Rivo puisqu&#8217;il signe avec le label Wagram Music International. Le jeune artiste se produit sur le mainstage du Brive Festival et de l’Electrik Park. La même année, il sort un le single &#8216;Fall in Love&#8217; (feat. Arpad &amp; Thomas Sykes) et atteint le charts en Turquie, le titre sera joué par une quarantaine de radios internationales.<br />
Déjà adoubé par DJ Mag et Aficia, RIVO est en phase avec sa génération, notamment grâce au réseau social Tik Tok où il réunit quelques centaines de milliers de vues sur ses vidéos et des millions d’écoutes sur les plateformes de streaming. Producteur accompli, en pleine ascendance, il annonce la sortie d&#8217;un EP au printemps 2023 avec un single en ce début d&#8217;année 2023, &#8216;Break You Down&#8217; feat Scarlett.<br />
Rivo n’a pas fini de faire entendre parler de lui&#8230;</p>
<h2><strong>ADIXIA</strong></h2>
<p><img loading="lazy" decoding="async" class="alignleft size-medium wp-image-1222" src="http://www.jardins-imaginaire.com/wp-content/uploads/2023/06/STUDIO-ADIXIA-49-200x300.jpg" alt="" width="200" height="300" srcset="https://www.jardins-imaginaire.com/wp-content/uploads/2023/06/STUDIO-ADIXIA-49-200x300.jpg 200w, https://www.jardins-imaginaire.com/wp-content/uploads/2023/06/STUDIO-ADIXIA-49-683x1024.jpg 683w, https://www.jardins-imaginaire.com/wp-content/uploads/2023/06/STUDIO-ADIXIA-49-768x1152.jpg 768w, https://www.jardins-imaginaire.com/wp-content/uploads/2023/06/STUDIO-ADIXIA-49-1024x1536.jpg 1024w, https://www.jardins-imaginaire.com/wp-content/uploads/2023/06/STUDIO-ADIXIA-49-1365x2048.jpg 1365w, https://www.jardins-imaginaire.com/wp-content/uploads/2023/06/STUDIO-ADIXIA-49-scaled.jpg 1707w" sizes="auto, (max-width: 200px) 100vw, 200px" />Adixia est une DJ, productrice et chanteuse belge née en 1992 près de Bruxelles. Elle a commencé sa carrière de DJ il y a 8 ans et est devenue l&#8217;une des DJs francophones les plus reconnues de ces dernières années. Elle a fait une entrée remarquable dans le top 100 Djane World et se classe actuellement #5 du Top France.<br />
Adixia est connue pour ses sets mêlant hits dansants et musiques électroniques, qui lui ont permis de jouer dans de nombreux clubs en France, comme la Joia à Aix-en-Provence, la Plage à Bordeaux ou le Marina à Port Barcares, ainsi qu&#8217;à l&#8217;international, notamment en Espagne, Belgique, Croatie. Elle a également effectué plusieurs passages sur Fun Radio et Radio FG.<br />
Adixia est très suivie sur les réseaux sociaux. Elle utilise ces plateformes pour promouvoir ses concerts et DJ sets, ainsi que pour partager sa musique et ses coups de cœur.</p>
<h2><strong>Samedi 12 août : LUMBERJACK</strong></h2>
<h3>Ouverture des portes : 20h30<br />
Concert de 22h00 à 23h00<br />
Passage par la billetterie des Jardins de l&#8217;Imaginaire obligatoire (remise bracelet pour la soirée)</h3>
<p><img loading="lazy" decoding="async" class="alignleft size-medium wp-image-1221" src="http://www.jardins-imaginaire.com/wp-content/uploads/2023/06/Lumberjack-copie-300x300.png" alt="" width="300" height="300" srcset="https://www.jardins-imaginaire.com/wp-content/uploads/2023/06/Lumberjack-copie-300x300.png 300w, https://www.jardins-imaginaire.com/wp-content/uploads/2023/06/Lumberjack-copie-1024x1024.png 1024w, https://www.jardins-imaginaire.com/wp-content/uploads/2023/06/Lumberjack-copie-150x150.png 150w, https://www.jardins-imaginaire.com/wp-content/uploads/2023/06/Lumberjack-copie-768x768.png 768w, https://www.jardins-imaginaire.com/wp-content/uploads/2023/06/Lumberjack-copie-1536x1536.png 1536w, https://www.jardins-imaginaire.com/wp-content/uploads/2023/06/Lumberjack-copie-2048x2048.png 2048w" sizes="auto, (max-width: 300px) 100vw, 300px" />Lumberjack est un duo français de DJ/Producteurs, composé de Jim Zerga et Chris Vallée, originaire de Paris. En 2015, ils se font connaitre grâce à leur titre ‘Warrior’ très rapidement playlistés sur NRJ et Fun Radio et nommés dans la catégorie meilleure révélation française.<br />
Reconnus pour leur énergie et ils sont régulièrement supportés par David Guetta, Dimitri Vegas &amp; Like Mike, Bob Sinclar, Hardwell, Tiësto, Afrojack, Axwell Λ Ingrosso et bien d’autres&#8230;<br />
Ils commencent une tournée en Chine et se retrouvent à l’affiche des plus grands clubs et festivals du monde (Pacha Ibiza, Mambo Ibiza, Noa Croatia, Inox Festival, Electrobeach Festival ou encore Summer Sound Festival, qu’ils partagent avec les plus grands: David Guetta, Bob Sinclar, Afrojack, Don Diablo, Martin Garrix, Martin Solveig, DJ Snake, Diplo, Kungs et bien d’autres.<br />
Après avoir remixé DJ Snake ‘Magenta Riddim’ supporté par Hardwell, Tiësto, Afrojack ou encore Axwell Λ Ingrosso à l’UMF 2018, ils signent sur le label de Don Diablo (Spinnin’ Records) et sont rapidement contactés pour remixer des artistes tels que Bob Sinclar, Ofenbach et bien d’autres.<br />
Ils marquent une nouvelle étape avec leur signature chez Universal Music ‘We Rolling’ qualifié comme la surprise du Middle-Summer des festivals électro de l’été (cf. DJ MAG). Ce titre deviendra la bande originale du film Sentinelle (Classé N°1 sur Netflix).<br />
Dernièrement, ils reviennent avec des titres signés sur le label d’Hardwell (Revealed Recordings), Magnificence (EPIC247) sans oublier leur version officielle de l’incontournable ‘Deep Fear’!</p>

<p>Samedi 15 juillet : RIVO et ADIXIA  Ouverture des portes : 19h30 Concert de 21h00 à 23h45 Passage par la billetterie [&hellip;]</p>
